{"id":61,"date":"2023-11-21T21:32:03","date_gmt":"2023-11-21T20:32:03","guid":{"rendered":"http:\/\/localhost\/wordpress\/?page_id=61"},"modified":"2025-09-11T12:46:32","modified_gmt":"2025-09-11T10:46:32","slug":"regulamin","status":"publish","type":"page","link":"https:\/\/juz-rozumiem.pl\/?page_id=61","title":{"rendered":"Regulamin"},"content":{"rendered":"\n<h4 class=\"wp-block-heading has-text-align-center\">Regulamin korepetycji indywidualnych<\/h4>\n\n\n\n<p><br>Drodzy Rodzice i Uczniowie,<\/p>\n\n\n\n<p>w trosce o dobr\u0105, bezproblemow\u0105 wsp\u00f3\u0142prac\u0119, sporz\u0105dzi\u0142am kilka zasad. Prosz\u0119 o zapoznanie si\u0119 z nimi, a w razie uwag lub w\u0105tpliwo\u015bci o kontakt ze mn\u0105.<\/p>\n\n\n\n<p><strong>Odwo\u0142ywanie zaj\u0119\u0107:<\/strong><\/p>\n\n\n\n<p>1. Korepetycje zaczynaj\u0105 si\u0119 o um\u00f3wionej godzinie, niezale\u017cnie od tego czy ucze\u0144 przyjdzie\/po\u0142\u0105czy si\u0119 na czas. Prosz\u0119 o punktualno\u015b\u0107, poniewa\u017c zaj\u0119cia nie mog\u0105 by\u0107 przed\u0142u\u017cane z uwagi na innych uczni\u00f3w.&nbsp;<\/p>\n\n\n\n<p>2. <strong>Odwo\u0142a\u0107 zaj\u0119cia mo\u017cna najp\u00f3\u017aniej dzie\u0144 przed <\/strong>ustalonym terminem<strong> do godziny 18.<\/strong> Taki spos\u00f3b odwo\u0142ywania, zapewnia mi czas na znalezienie innego ucznia na dany termin. Korepetycje odwo\u0142ane niezgodnie z tymi zasadami nale\u017cy op\u0142aci\u0107.<\/p>\n\n\n\n<p>3. Odwo\u0142ywanie przeze mnie zaj\u0119\u0107 podlega tym samym zasadom. Je\u015bli odwo\u0142am zaj\u0119cia p\u00f3\u017aniej ni\u017c do godziny 18 dnia poprzedniego, nast\u0119pne zaj\u0119cia s\u0105 bezp\u0142atne.<\/p>\n\n\n\n<p>4. Je\u017celi ucze\u0144 jest nieobecny na zaj\u0119ciach i nie zosta\u0142y one odwo\u0142ane zgodnie z zasadami okre\u015blonymi w punkcie 2., korepetycje uznajemy za odbyte i nale\u017cy je op\u0142aci\u0107.<\/p>\n\n\n\n<p>5. Je\u017celi zaj\u0119cia s\u0105 odwo\u0142ywane cz\u0119\u015bciej ni\u017c raz w miesi\u0105cu, ustalony termin zostaje anulowany.<\/p>\n\n\n\n<p><strong>P\u0142atno\u015bci:<\/strong><\/p>\n\n\n\n<p>1. Korepetycje mo\u017cna op\u0142aci\u0107 got\u00f3wk\u0105 lub blikiem bezpo\u015brednio po zaj\u0119ciach, przelewem dzie\u0144 wcze\u015bniej lub zbiorczo za ca\u0142y miesi\u0105c z g\u00f3ry (w tym przypadku prosz\u0119 o kontakt).<\/p>\n\n\n\n<p>2. Cena w roku szkolnym 2025\/2026 to 100 z\u0142 za 55 minut.<\/p>\n\n\n\n<p><\/p>\n\n\n\n<p><strong>Dane do przelewu: <\/strong><br><br>Dane odbiorcy: <br>Natalia Zaj\u0105c<br>al. Pokoju 33, 31-564 Krak\u00f3w<br><br>Numer konta: 60 1050 1445 1000 0097 8452 137<br>Tytu\u0142: Imi\u0119 i nazwisko ucznia, data korepetycji<br><br><strong>Blik<\/strong><\/p>\n\n\n\n<p>Numer telefonu: 533844422<br>Tytu\u0142: Imi\u0119 i nazwisko ucznia, data korepetycji<\/p>\n\n\n\n<ol class=\"wp-block-list\"><\/ol>\n\n\n\n<h4 class=\"wp-block-heading has-text-align-center\">Do zobaczenia!<br><\/h4>\n\n\n\n<p><\/p>\n","protected":false},"excerpt":{"rendered":"<p>Regulamin korepetycji indywidualnych Drodzy Rodzice i Uczniowie, w trosce o dobr\u0105, bezproblemow\u0105 wsp\u00f3\u0142prac\u0119, sporz\u0105dzi\u0142am kilka zasad. Prosz\u0119 o zapoznanie si\u0119 z nimi, a w razie uwag lub w\u0105tpliwo\u015bci o kontakt ze mn\u0105. Odwo\u0142ywanie zaj\u0119\u0107: 1. Korepetycje zaczynaj\u0105 si\u0119 o um\u00f3wionej godzinie, niezale\u017cnie od tego czy ucze\u0144 przyjdzie\/po\u0142\u0105czy si\u0119 na czas. Prosz\u0119 o punktualno\u015b\u0107, poniewa\u017c zaj\u0119cia [&hellip;]<\/p>\n","protected":false},"author":1,"featured_media":0,"parent":0,"menu_order":0,"comment_status":"open","ping_status":"closed","template":"","meta":{"footnotes":""},"class_list":["post-61","page","type-page","status-publish","hentry"],"_links":{"self":[{"href":"https:\/\/juz-rozumiem.pl\/index.php?rest_route=\/wp\/v2\/pages\/61","targetHints":{"allow":["GET"]}}],"collection":[{"href":"https:\/\/juz-rozumiem.pl\/index.php?rest_route=\/wp\/v2\/pages"}],"about":[{"href":"https:\/\/juz-rozumiem.pl\/index.php?rest_route=\/wp\/v2\/types\/page"}],"author":[{"embeddable":true,"href":"https:\/\/juz-rozumiem.pl\/index.php?rest_route=\/wp\/v2\/users\/1"}],"replies":[{"embeddable":true,"href":"https:\/\/juz-rozumiem.pl\/index.php?rest_route=%2Fwp%2Fv2%2Fcomments&post=61"}],"version-history":[{"count":9,"href":"https:\/\/juz-rozumiem.pl\/index.php?rest_route=\/wp\/v2\/pages\/61\/revisions"}],"predecessor-version":[{"id":604,"href":"https:\/\/juz-rozumiem.pl\/index.php?rest_route=\/wp\/v2\/pages\/61\/revisions\/604"}],"wp:attachment":[{"href":"https:\/\/juz-rozumiem.pl\/index.php?rest_route=%2Fwp%2Fv2%2Fmedia&parent=61"}],"curies":[{"name":"wp","href":"https:\/\/api.w.org\/{rel}","templated":true}]}}