{"id":222,"date":"2024-03-04T13:50:27","date_gmt":"2024-03-04T12:50:27","guid":{"rendered":"https:\/\/juz-rozumiem.pl\/?page_id=222"},"modified":"2025-11-15T17:52:46","modified_gmt":"2025-11-15T16:52:46","slug":"o-mnie","status":"publish","type":"page","link":"https:\/\/juz-rozumiem.pl\/?page_id=222","title":{"rendered":"Nasz zesp\u00f3\u0142"},"content":{"rendered":"\n<p class=\"has-text-align-left\"><\/p>\n\n\n\n<h1 class=\"wp-block-heading has-text-align-center\">Natalia<\/h1>\n\n\n\n<div class=\"wp-block-group has-global-padding is-layout-constrained wp-block-group-is-layout-constrained\">\n<div class=\"wp-block-media-text is-stacked-on-mobile is-vertically-aligned-top has-base-background-color has-background\" style=\"grid-template-columns:34% auto\"><figure class=\"wp-block-media-text__media\"><img loading=\"lazy\" decoding=\"async\" width=\"1950\" height=\"2560\" src=\"https:\/\/juz-rozumiem.pl\/wp-content\/uploads\/2025\/11\/IMG_3966-1-scaled.jpg\" alt=\"\" class=\"wp-image-628 size-full\" srcset=\"https:\/\/juz-rozumiem.pl\/wp-content\/uploads\/2025\/11\/IMG_3966-1-scaled.jpg 1950w, https:\/\/juz-rozumiem.pl\/wp-content\/uploads\/2025\/11\/IMG_3966-1-228x300.jpg 228w, https:\/\/juz-rozumiem.pl\/wp-content\/uploads\/2025\/11\/IMG_3966-1-780x1024.jpg 780w, https:\/\/juz-rozumiem.pl\/wp-content\/uploads\/2025\/11\/IMG_3966-1-768x1008.jpg 768w, https:\/\/juz-rozumiem.pl\/wp-content\/uploads\/2025\/11\/IMG_3966-1-1170x1536.jpg 1170w, https:\/\/juz-rozumiem.pl\/wp-content\/uploads\/2025\/11\/IMG_3966-1-1560x2048.jpg 1560w\" sizes=\"auto, (max-width: 1950px) 100vw, 1950px\" \/><\/figure><div class=\"wp-block-media-text__content\">\n<p class=\"has-base-background-color has-background\">Nazywam si\u0119 Natalia Zaj\u0105c, prowadz\u0119 firm\u0119 <em>Ju\u017c rozumiem<\/em>. Od zawsze lubi\u0142am si\u0119 uczy\u0107, a teraz pr\u00f3buj\u0119 zara\u017ca\u0107 tym uczni\u00f3w. <br><br>Jednocze\u015bnie <mark style=\"background-color:rgba(0, 0, 0, 0)\" class=\"has-inline-color has-secondary-color\"><strong>rozumiem, \u017ce nie ka\u017cdego fascynuje matematyka<\/strong><\/mark> i staram si\u0119 przede wszystkim bra\u0107 pod uwag\u0119 Twoje oczekiwania. <mark style=\"background-color:rgba(0, 0, 0, 0)\" class=\"has-inline-color has-secondary-color\"><strong>Je\u015bli masz problemy z matematyk\u0105 to dobrze trafi\u0142e\u015b\/a\u015b<\/strong><\/mark><mark style=\"background-color:rgba(0, 0, 0, 0)\" class=\"has-inline-color has-primary-color\"> <\/mark>&#8211; mam do\u015bwiadczenie w uczeniu r\u00f3\u017cnorodnych uczni\u00f3w, nie musisz wstydzi\u0107 si\u0119 i ba\u0107, \u017ce b\u0119d\u0119 ocenia\u0107 Tw\u00f3j poziom wiedzy. W ko\u0144cu jestem tu od tego \u017ceby Ci\u0119 zrozumie\u0107 i pom\u00f3c Ci w Twojej indywidualnej sytuacji. <br><br>Sko\u0144czy\u0142am licencjat z matematyki na <strong>Akademii G\u00f3rniczo-Hutniczej<\/strong>, a studia magisterskie z matematyki nauczycielskiej na <strong>Uniwersytecie Pedagogicznym<\/strong>. Moja praca magisterska zaj\u0119\u0142a pierwsze miejsce w konkursie im. Zofii Krygowskiej, <a href=\"https:\/\/ok-ptm.im.uj.edu.pl\/konkurs.php?id=15\" data-type=\"link\" data-id=\"https:\/\/ok-ptm.im.uj.edu.pl\/konkurs.php?id=15\">na najlepsz\u0105 prac\u0119 magistersk\u0105 z dydaktyki matematyki w 2023 roku.<\/a> My\u015bl\u0119, \u017ce jej tytu\u0142 bardzo dobrze oddaje moje podej\u015bcie do nauki matematyki: <br><br><em>Widzie\u0107 wi\u0119cej ni\u017c poprawny wynik \u2013 o rozumowaniu ucznia<\/em>. <br><br>W\u0142a\u015bnie to staram si\u0119 osi\u0105gn\u0105\u0107 na zaj\u0119ciach &#8211; odkry\u0107 indywidualny spos\u00f3b rozumowania ka\u017cdego ucznia i dobra\u0107 pod niego metody nauczania. Wierz\u0119, \u017ce skuteczne nauczanie powinno by\u0107 indywidualizowane, dobierane pod konkretn\u0105 osob\u0119. Na zaj\u0119ciach stawiam na aktywno\u015b\u0107 ucznia, bo <strong>najskuteczniejsza nauka to nauka przez dzia\u0142anie! <\/strong><br><br>Ci\u0105gle staram si\u0119 poszerza\u0107 swoj\u0105 wiedz\u0119, w 2025 roku sko\u0144czy\u0142am studia podyplomowe <strong>Psychologia pozytywna w edukacji dzieci i m\u0142odzie\u017cy<\/strong>, gdzie dowiedzia\u0142am si\u0119 jak skutecznie motywowa\u0107 uczni\u00f3w do nauki. <\/p>\n<\/div><\/div>\n<\/div>\n\n\n\n<h2 class=\"wp-block-heading has-text-align-center\">Zuza<\/h2>\n\n\n\n<div class=\"wp-block-media-text has-media-on-the-right is-stacked-on-mobile is-vertically-aligned-top has-base-background-color has-background\" style=\"grid-template-columns:auto 28%\"><div class=\"wp-block-media-text__content\">\n<p>   Nazywam si\u0119 Zuzanna Kustra. Matematyk\u0119 od zawsze lubi\u0142am za jej logiczne rozwi\u0105zania i uporz\u0105dkowane zasady. To dla mnie nie tylko przedmiot szkolny, ale tak\u017ce spos\u00f3b patrzenia na \u015bwiat \u2013 szukanie sensu, przejrzysto\u015bci i rozwi\u0105za\u0144, kt\u00f3re naprawd\u0119 do siebie pasuj\u0105.<\/p>\n\n\n\n<p>   <strong>Uko\u0144czy\u0142am Zarz\u0105dzanie na Akademii G\u00f3rniczo \u2013 Hutniczej <\/strong>w Krakowie, a obecnie rozwijam swoj\u0105 wiedz\u0119 w zakresie ksi\u0119gowo\u015bci. <strong>Swoj\u0105 przysz\u0142o\u015b\u0107 wi\u0105\u017c\u0119 z matematyk\u0105 finansow\u0105<\/strong>, kt\u00f3ra \u0142\u0105czy to co lubi\u0119 najbardziej: logiczne my\u015blenie, liczby i praktyczne zastosowania.<\/p>\n\n\n\n<p>   W sezonie zimowym pracuj\u0119 jako instruktor narciarstwa. Praca z dzie\u0107mi i m\u0142odzie\u017c\u0105 sprawi\u0142a, \u017ce <strong>potrafi\u0119 odnale\u017a\u0107 wsp\u00f3lny j\u0119zyk z uczniami<\/strong>, budowa\u0107 ich <strong>poczucie bezpiecze\u0144stwa, motywowa\u0107 i wspiera\u0107<\/strong>, jednocze\u015bnie zachowuj\u0105c spok\u00f3j i pozytywne nastawienie.<\/p>\n\n\n\n<p>Prowadz\u0119 korepetycje z matematyki dla uczni\u00f3w <strong>szko\u0142y podstawowej<\/strong> oraz os\u00f3b przygotowuj\u0105cych si\u0119 do <strong>matury podstawowej<\/strong>. Zale\u017cy mi, aby ka\u017cdy ucze\u0144 czu\u0142 si\u0119 na zaj\u0119ciach komfortowo i m\u00f3g\u0142 swobodnie zadawa\u0107 pytania. Cierpliwie t\u0142umacz\u0119 i <strong>zawsze staram si\u0119 znale\u017a\u0107 jak najprostsze i najbardziej zrozumia\u0142e wyja\u015bnienia<\/strong>. Lekcje traktuj\u0119 jako wsp\u00f3\u0142prac\u0119 &#8211; s\u0142ucham, dopytuj\u0119 i dostosowuj\u0119 tempo oraz spos\u00f3b t\u0142umaczenia do indywidualnych potrzeb ka\u017cdego ucznia.<br><br><strong>Wiem, \u017ce matematyka mo\u017ce by\u0107 wyzwaniem, <\/strong>jednak wierz\u0119, \u017ce <strong>systematyczno\u015b\u0107 i zaanga\u017cowanie<\/strong> mog\u0105 pozytywnie wp\u0142yn\u0105\u0107 na pewno\u015b\u0107 siebie i realne post\u0119py w nauce.<\/p>\n<\/div><figure class=\"wp-block-media-text__media\"><img loading=\"lazy\" decoding=\"async\" width=\"662\" height=\"1024\" src=\"https:\/\/juz-rozumiem.pl\/wp-content\/uploads\/2025\/11\/IMG_0992-662x1024.jpeg\" alt=\"\" class=\"wp-image-608 size-full\" srcset=\"https:\/\/juz-rozumiem.pl\/wp-content\/uploads\/2025\/11\/IMG_0992-662x1024.jpeg 662w, https:\/\/juz-rozumiem.pl\/wp-content\/uploads\/2025\/11\/IMG_0992-194x300.jpeg 194w, https:\/\/juz-rozumiem.pl\/wp-content\/uploads\/2025\/11\/IMG_0992-768x1188.jpeg 768w, https:\/\/juz-rozumiem.pl\/wp-content\/uploads\/2025\/11\/IMG_0992-993x1536.jpeg 993w, https:\/\/juz-rozumiem.pl\/wp-content\/uploads\/2025\/11\/IMG_0992-1324x2048.jpeg 1324w, https:\/\/juz-rozumiem.pl\/wp-content\/uploads\/2025\/11\/IMG_0992-scaled.jpeg 1654w\" sizes=\"auto, (max-width: 662px) 100vw, 662px\" \/><\/figure><\/div>\n\n\n\n<p><\/p>\n","protected":false},"excerpt":{"rendered":"<p>Natalia Nazywam si\u0119 Natalia Zaj\u0105c, prowadz\u0119 firm\u0119 Ju\u017c rozumiem. Od zawsze lubi\u0142am si\u0119 uczy\u0107, a teraz pr\u00f3buj\u0119 zara\u017ca\u0107 tym uczni\u00f3w. Jednocze\u015bnie rozumiem, \u017ce nie ka\u017cdego fascynuje matematyka i staram si\u0119 przede wszystkim bra\u0107 pod uwag\u0119 Twoje oczekiwania. Je\u015bli masz problemy z matematyk\u0105 to dobrze trafi\u0142e\u015b\/a\u015b &#8211; mam do\u015bwiadczenie w uczeniu r\u00f3\u017cnorodnych uczni\u00f3w, nie musisz wstydzi\u0107 [&hellip;]<\/p>\n","protected":false},"author":1,"featured_media":0,"parent":0,"menu_order":0,"comment_status":"closed","ping_status":"closed","template":"","meta":{"footnotes":""},"class_list":["post-222","page","type-page","status-publish","hentry"],"_links":{"self":[{"href":"https:\/\/juz-rozumiem.pl\/index.php?rest_route=\/wp\/v2\/pages\/222","targetHints":{"allow":["GET"]}}],"collection":[{"href":"https:\/\/juz-rozumiem.pl\/index.php?rest_route=\/wp\/v2\/pages"}],"about":[{"href":"https:\/\/juz-rozumiem.pl\/index.php?rest_route=\/wp\/v2\/types\/page"}],"author":[{"embeddable":true,"href":"https:\/\/juz-rozumiem.pl\/index.php?rest_route=\/wp\/v2\/users\/1"}],"replies":[{"embeddable":true,"href":"https:\/\/juz-rozumiem.pl\/index.php?rest_route=%2Fwp%2Fv2%2Fcomments&post=222"}],"version-history":[{"count":27,"href":"https:\/\/juz-rozumiem.pl\/index.php?rest_route=\/wp\/v2\/pages\/222\/revisions"}],"predecessor-version":[{"id":635,"href":"https:\/\/juz-rozumiem.pl\/index.php?rest_route=\/wp\/v2\/pages\/222\/revisions\/635"}],"wp:attachment":[{"href":"https:\/\/juz-rozumiem.pl\/index.php?rest_route=%2Fwp%2Fv2%2Fmedia&parent=222"}],"curies":[{"name":"wp","href":"https:\/\/api.w.org\/{rel}","templated":true}]}}