{"id":143,"date":"2023-11-22T17:34:26","date_gmt":"2023-11-22T16:34:26","guid":{"rendered":"http:\/\/localhost\/wordpress\/?page_id=143"},"modified":"2025-11-19T21:20:31","modified_gmt":"2025-11-19T20:20:31","slug":"kalendarz","status":"publish","type":"page","link":"https:\/\/juz-rozumiem.pl\/?page_id=143","title":{"rendered":"Kalendarz"},"content":{"rendered":"\n<p class=\"has-text-align-center\"><br>\ud83d\udcf2 zapisy telefonicznie 533844422 lub mailowo korepetycje@juz-rozumiem.pl<\/p>\n\n\n\n<div class=\"wp-block-group alignfull has-global-padding is-layout-constrained wp-container-core-group-is-layout-669513ed wp-block-group-is-layout-constrained\" style=\"margin-top:0;margin-bottom:0;padding-top:var(--wp--preset--spacing--50);padding-right:var(--wp--preset--spacing--50);padding-bottom:var(--wp--preset--spacing--50);padding-left:var(--wp--preset--spacing--50)\">\n<div class=\"wp-block-columns alignwide is-layout-flex wp-container-core-columns-is-layout-4935966c wp-block-columns-is-layout-flex\" style=\"padding-right:0;padding-left:0\">\n<div class=\"wp-block-column is-layout-flow wp-block-column-is-layout-flow\">\n<figure class=\"wp-block-image aligncenter size-full is-resized is-style-rounded is-style-rounded--1\"><img loading=\"lazy\" decoding=\"async\" width=\"1950\" height=\"2560\" src=\"https:\/\/juz-rozumiem.pl\/wp-content\/uploads\/2025\/11\/IMG_3966-1-scaled.jpg\" alt=\"\" class=\"wp-image-628\" style=\"aspect-ratio:1;object-fit:cover;width:272px;height:auto\" srcset=\"https:\/\/juz-rozumiem.pl\/wp-content\/uploads\/2025\/11\/IMG_3966-1-scaled.jpg 1950w, https:\/\/juz-rozumiem.pl\/wp-content\/uploads\/2025\/11\/IMG_3966-1-228x300.jpg 228w, https:\/\/juz-rozumiem.pl\/wp-content\/uploads\/2025\/11\/IMG_3966-1-780x1024.jpg 780w, https:\/\/juz-rozumiem.pl\/wp-content\/uploads\/2025\/11\/IMG_3966-1-768x1008.jpg 768w, https:\/\/juz-rozumiem.pl\/wp-content\/uploads\/2025\/11\/IMG_3966-1-1170x1536.jpg 1170w, https:\/\/juz-rozumiem.pl\/wp-content\/uploads\/2025\/11\/IMG_3966-1-1560x2048.jpg 1560w\" sizes=\"auto, (max-width: 1950px) 100vw, 1950px\" \/><\/figure>\n\n\n\n<div class=\"wp-block-group is-vertical is-content-justification-center is-nowrap is-layout-flex wp-container-core-group-is-layout-63bfd6c1 wp-block-group-is-layout-flex\">\n<p class=\"has-text-align-center has-small-font-size\"><strong>Natalia Zaj\u0105c<\/strong><br>obecnie brak wolnych termin\u00f3w<br><\/p>\n\n\n\n<ul class=\"wp-block-list\">\n<li>szko\u0142a podstawowa<\/li>\n\n\n\n<li>egzamin \u00f3smoklasisty<\/li>\n\n\n\n<li>liceum (zakres podstawowy i rozszerzony)<\/li>\n\n\n\n<li>matura podstawowa <\/li>\n\n\n\n<li>matura rozszerzona <\/li>\n\n\n\n<li>studia<\/li>\n\n\n\n<li>edukacja domowa<\/li>\n<\/ul>\n<\/div>\n<\/div>\n\n\n\n<div class=\"wp-block-column is-layout-flow wp-block-column-is-layout-flow\">\n<figure class=\"wp-block-image aligncenter size-full is-resized is-style-rounded is-style-rounded--2\"><img loading=\"lazy\" decoding=\"async\" width=\"1654\" height=\"2560\" src=\"https:\/\/juz-rozumiem.pl\/wp-content\/uploads\/2025\/11\/IMG_0992-2-scaled.jpeg\" alt=\"\" class=\"wp-image-629\" style=\"aspect-ratio:1;object-fit:cover;width:267px;height:auto\" srcset=\"https:\/\/juz-rozumiem.pl\/wp-content\/uploads\/2025\/11\/IMG_0992-2-scaled.jpeg 1654w, https:\/\/juz-rozumiem.pl\/wp-content\/uploads\/2025\/11\/IMG_0992-2-194x300.jpeg 194w, https:\/\/juz-rozumiem.pl\/wp-content\/uploads\/2025\/11\/IMG_0992-2-662x1024.jpeg 662w, https:\/\/juz-rozumiem.pl\/wp-content\/uploads\/2025\/11\/IMG_0992-2-768x1188.jpeg 768w, https:\/\/juz-rozumiem.pl\/wp-content\/uploads\/2025\/11\/IMG_0992-2-993x1536.jpeg 993w, https:\/\/juz-rozumiem.pl\/wp-content\/uploads\/2025\/11\/IMG_0992-2-1324x2048.jpeg 1324w\" sizes=\"auto, (max-width: 1654px) 100vw, 1654px\" \/><\/figure>\n\n\n\n<div class=\"wp-block-group is-vertical is-content-justification-center is-nowrap is-layout-flex wp-container-core-group-is-layout-63bfd6c1 wp-block-group-is-layout-flex\">\n<p class=\"has-text-align-center has-small-font-size\"><strong>Zuzanna Kustra<\/strong><br>wolne terminy<\/p>\n\n\n\n<p class=\"has-text-align-center has-small-font-size\">od poniedzia\u0142ku do pi\u0105tku<br><\/p>\n\n\n\n<ul class=\"wp-block-list\">\n<li>szko\u0142a podstawowa<\/li>\n\n\n\n<li>egzamin \u00f3smoklasisty<\/li>\n\n\n\n<li>liceum (zakres podstawowy)<\/li>\n\n\n\n<li>matura podstawowa<\/li>\n<\/ul>\n<\/div>\n<\/div>\n<\/div>\n\n\n\n<p class=\"has-text-align-center\">Wi\u0119cej o nas przeczytasz <a href=\"https:\/\/juz-rozumiem.pl\/?page_id=222\" data-type=\"page\" data-id=\"222\">tutaj<\/a>. <\/p>\n<\/div>\n\n\n\n<p><\/p>\n\n\n\n<p><\/p>\n","protected":false},"excerpt":{"rendered":"<p>\ud83d\udcf2 zapisy telefonicznie 533844422 lub mailowo korepetycje@juz-rozumiem.pl Natalia Zaj\u0105cobecnie brak wolnych termin\u00f3w Zuzanna Kustrawolne terminy od poniedzia\u0142ku do pi\u0105tku Wi\u0119cej o nas przeczytasz tutaj.<\/p>\n","protected":false},"author":1,"featured_media":0,"parent":0,"menu_order":0,"comment_status":"closed","ping_status":"closed","template":"","meta":{"footnotes":""},"class_list":["post-143","page","type-page","status-publish","hentry"],"_links":{"self":[{"href":"https:\/\/juz-rozumiem.pl\/index.php?rest_route=\/wp\/v2\/pages\/143","targetHints":{"allow":["GET"]}}],"collection":[{"href":"https:\/\/juz-rozumiem.pl\/index.php?rest_route=\/wp\/v2\/pages"}],"about":[{"href":"https:\/\/juz-rozumiem.pl\/index.php?rest_route=\/wp\/v2\/types\/page"}],"author":[{"embeddable":true,"href":"https:\/\/juz-rozumiem.pl\/index.php?rest_route=\/wp\/v2\/users\/1"}],"replies":[{"embeddable":true,"href":"https:\/\/juz-rozumiem.pl\/index.php?rest_route=%2Fwp%2Fv2%2Fcomments&post=143"}],"version-history":[{"count":25,"href":"https:\/\/juz-rozumiem.pl\/index.php?rest_route=\/wp\/v2\/pages\/143\/revisions"}],"predecessor-version":[{"id":645,"href":"https:\/\/juz-rozumiem.pl\/index.php?rest_route=\/wp\/v2\/pages\/143\/revisions\/645"}],"wp:attachment":[{"href":"https:\/\/juz-rozumiem.pl\/index.php?rest_route=%2Fwp%2Fv2%2Fmedia&parent=143"}],"curies":[{"name":"wp","href":"https:\/\/api.w.org\/{rel}","templated":true}]}}